{"id":2,"date":"2022-07-02T00:38:22","date_gmt":"2022-07-02T00:38:22","guid":{"rendered":"https:\/\/esime.mmendiola.org\/metodologia\/?page_id=2"},"modified":"2025-03-02T21:30:07","modified_gmt":"2025-03-02T21:30:07","slug":"sample-page","status":"publish","type":"page","link":"https:\/\/esime.mmendiola.org\/metodologia\/","title":{"rendered":"Home"},"content":{"rendered":"<pre><strong>Blog de Metodolog\u00eda de la Investigaci\u00f3n<\/strong>\r\n<em><strong>Ingenier\u00eda en Computaci\u00f3n, ESIME Culhuacan<\/strong><\/em>\r\n<em>6CV16 y 6CV26<\/em><\/pre>\n<p><img loading=\"lazy\" decoding=\"async\" class=\"wp-image-659 aligncenter\" src=\"https:\/\/esime.mmendiola.org\/metodologia\/wp-content\/uploads\/2024\/09\/Mi2024B-280x300.png\" alt=\"\" width=\"332\" height=\"356\" srcset=\"https:\/\/esime.mmendiola.org\/metodologia\/wp-content\/uploads\/2024\/09\/Mi2024B-280x300.png 280w, https:\/\/esime.mmendiola.org\/metodologia\/wp-content\/uploads\/2024\/09\/Mi2024B.png 400w\" sizes=\"auto, (max-width: 332px) 100vw, 332px\" \/><\/p>\n<p>&nbsp;<\/p>\n<p>&nbsp;<\/p>\n<div style=\"width: 100%; text-align: center;\">\n<div style=\"position: relative; padding-bottom: 56.25%; padding-top: 0; height: 0;\"><iframe loading=\"lazy\" style=\"position: absolute; top: 0; left: 0; width: 100%; height: 100%;\" src=\"https:\/\/view.genial.ly\/610c40eec3dde30d4235e38f\" width=\"\u201c600\u201d\" height=\"\u201c33\u201d8\" frameborder=\"0\" scrolling=\"yes\" allowfullscreen=\"allowfullscreen\"><\/iframe><\/div>\n<\/div>\n<p>&nbsp;<\/p>\n<p>&nbsp;<\/p>\n<p style=\"text-align: center;\">\n","protected":false},"excerpt":{"rendered":"<p>Blog de Metodolog\u00eda de la Investigaci\u00f3n Ingenier\u00eda en Computaci\u00f3n, ESIME Culhuacan 6CV16 y 6CV26 &nbsp; &nbsp; &nbsp; &nbsp;<\/p>\n","protected":false},"author":1,"featured_media":0,"parent":0,"menu_order":0,"comment_status":"closed","ping_status":"open","template":"","meta":{"footnotes":""},"class_list":["post-2","page","type-page","status-publish","hentry"],"_links":{"self":[{"href":"https:\/\/esime.mmendiola.org\/metodologia\/wp-json\/wp\/v2\/pages\/2","targetHints":{"allow":["GET"]}}],"collection":[{"href":"https:\/\/esime.mmendiola.org\/metodologia\/wp-json\/wp\/v2\/pages"}],"about":[{"href":"https:\/\/esime.mmendiola.org\/metodologia\/wp-json\/wp\/v2\/types\/page"}],"author":[{"embeddable":true,"href":"https:\/\/esime.mmendiola.org\/metodologia\/wp-json\/wp\/v2\/users\/1"}],"replies":[{"embeddable":true,"href":"https:\/\/esime.mmendiola.org\/metodologia\/wp-json\/wp\/v2\/comments?post=2"}],"version-history":[{"count":18,"href":"https:\/\/esime.mmendiola.org\/metodologia\/wp-json\/wp\/v2\/pages\/2\/revisions"}],"predecessor-version":[{"id":672,"href":"https:\/\/esime.mmendiola.org\/metodologia\/wp-json\/wp\/v2\/pages\/2\/revisions\/672"}],"wp:attachment":[{"href":"https:\/\/esime.mmendiola.org\/metodologia\/wp-json\/wp\/v2\/media?parent=2"}],"curies":[{"name":"wp","href":"https:\/\/api.w.org\/{rel}","templated":true}]}}